{"id":28,"date":"2015-12-15T01:04:30","date_gmt":"2015-12-15T01:04:30","guid":{"rendered":"http:\/\/villasancarlos.club\/vsc\/?page_id=28"},"modified":"2024-12-02T18:56:57","modified_gmt":"2024-12-02T21:56:57","slug":"infantil","status":"publish","type":"page","link":"https:\/\/villasancarlos.club\/vsc\/futbol\/infantil\/","title":{"rendered":"Infantil"},"content":{"rendered":"<h1><b>El f\u00fatbol infantil es el primer paso de los chicos en esta disciplina, en ella se divierten, juegan y se forman como personas, en nuestra instituci\u00f3n se les inculcan valores como la diversi\u00f3n y el compa\u00f1erismo por sobre la competencia.\u00a0Actualmente los chicos representan al club en tres cert\u00e1menes: AFA (Categor\u00edas 2011,2012,2013 y 2014); LISFI y LAFIR.<\/b><\/h1>\n<p><img loading=\"lazy\" decoding=\"async\" class=\"aligncenter size-full wp-image-96\" src=\"https:\/\/villasancarlos.club\/vsc\/wp-content\/uploads\/2015\/12\/futbol-infantil-villa-san-carlos.jpg\" alt=\"futbol infantil villa san carlos\" width=\"772\" height=\"363\" srcset=\"https:\/\/villasancarlos.club\/vsc\/wp-content\/uploads\/2015\/12\/futbol-infantil-villa-san-carlos.jpg 772w, https:\/\/villasancarlos.club\/vsc\/wp-content\/uploads\/2015\/12\/futbol-infantil-villa-san-carlos-300x141.jpg 300w, https:\/\/villasancarlos.club\/vsc\/wp-content\/uploads\/2015\/12\/futbol-infantil-villa-san-carlos-600x282.jpg 600w, https:\/\/villasancarlos.club\/vsc\/wp-content\/uploads\/2015\/12\/futbol-infantil-villa-san-carlos-768x361.jpg 768w\" sizes=\"auto, (max-width: 772px) 100vw, 772px\" \/><\/p>\n<p>&nbsp;<\/p>\n<p style=\"text-align: center;\"><span style=\"color: #00aae7; font-size: 110%;\"><b>STAFF DEL F\u00daTBOL INFANTIL DEL CLUB<\/b><\/span><\/p>\n<p><b>COORDINADOR GENERAL:<\/b><span style=\"font-weight: 400;\"> Guillermo Furnodavlos<\/span><\/p>\n<p><b>COORDINADOR DEPORTIVO: <\/b><span style=\"font-weight: 400;\">Martin Canteros<\/span><\/p>\n<p><b>ENTRENADOR DE ARQUEROS: <\/b><span style=\"font-weight: 400;\">Dylan Navarro<\/span><\/p>\n<p>&nbsp;<\/p>\n<p><b>CATEGOR\u00cdA 2011: AFA<\/b><\/p>\n<p><b>ENTRENADOR: <\/b><span style=\"font-weight: 400;\">Nicol\u00e1s Rocha<\/span><\/p>\n<p>&nbsp;<\/p>\n<p><b>CATEGOR\u00cdA 2012: AFA<\/b><\/p>\n<p><b>ENTRENADOR: <\/b><span style=\"font-weight: 400;\">Ramiro Ar\u00edas<\/span><\/p>\n<p><b>AYUDANTE DE CAMPO:<\/b><span style=\"font-weight: 400;\"> Emiliano Ar\u00edas<\/span><\/p>\n<p>&nbsp;<\/p>\n<p><b>CATEGOR\u00cdA 2013: AFA<\/b><\/p>\n<p><b>ENTRENADOR: <\/b><span style=\"font-weight: 400;\">Joaqu\u00edn S\u00e1nchez<\/span><\/p>\n<p><b>AYUDANTE DE CAMPO:<\/b><span style=\"font-weight: 400;\"> Juan S\u00e1nchez<\/span><\/p>\n<p>&nbsp;<\/p>\n<p><b>CATEGOR\u00cdA 2014: AFA<\/b><\/p>\n<p><b>ENTRENADOR: <\/b><span style=\"font-weight: 400;\">Mart\u00edn Canteros<\/span><\/p>\n<p><b>AYUDANTE DE CAMPO:<\/b><span style=\"font-weight: 400;\"> Pablo Garc\u00eda<\/span><\/p>\n<p>&nbsp;<\/p>\n<p><b>CATEGOR\u00cdA 2011: LISFI &#8211; LAFIR<\/b><\/p>\n<p><b>ENTRENADOR: <\/b><span style=\"font-weight: 400;\">Luciano Eslaibe<\/span><\/p>\n<p><b>AYUDANTE DE CAMPO: <\/b><span style=\"font-weight: 400;\">Mariano Mosca<\/span><\/p>\n<p>&nbsp;<\/p>\n<p><b>CATEGOR\u00cdA 2012:<\/b><\/p>\n<p><b>ENTRENADOR: <\/b><span style=\"font-weight: 400;\">Ramiro Ar\u00edas<\/span><\/p>\n<p><b>AYUDANTE DE CAMPO: <\/b><span style=\"font-weight: 400;\">Emiliano Ar\u00edas<\/span><\/p>\n<p>&nbsp;<\/p>\n<p><b>CATEGOR\u00cdA 2013:<\/b><\/p>\n<p><b>ENTRENADOR: <\/b><span style=\"font-weight: 400;\">Juan S\u00e1nchez<\/span><\/p>\n<p><b>AYUDANTE DE CAMPO: <\/b><span style=\"font-weight: 400;\">Joaqu\u00edn S\u00e1nchez<\/span><\/p>\n<p>&nbsp;<\/p>\n<p><b>CATEGOR\u00cdA 2014:<\/b><\/p>\n<p><b>ENTRENADOR: <\/b><span style=\"font-weight: 400;\">Mart\u00edn Canteros<\/span><\/p>\n<p><b>AYUDANTE DE CAMPO: <\/b>Pablo Garc\u00eda<\/p>\n<p>&nbsp;<\/p>\n<p><b>CATEGOR\u00cdA 2015:<\/b><\/p>\n<p><b>ENTRENADOR: <\/b><span style=\"font-weight: 400;\">Germ\u00e1n Villasalte<\/span><\/p>\n<p><b>AYUDANTE DE CAMPO: <\/b><span style=\"font-weight: 400;\">Joaqu\u00edn S\u00e1nchez<\/span><\/p>\n<p>&nbsp;<\/p>\n<p><b>CATEGOR\u00cdA 2016:<\/b><\/p>\n<p><b>ENTRENADOR: <\/b><span style=\"font-weight: 400;\">Fabi\u00e1n Giglio<\/span><\/p>\n<p><b>AYUDANTE DE CAMPO: <\/b><span style=\"font-weight: 400;\">Ezequiel Fern\u00e1ndez<\/span><\/p>\n<p>&nbsp;<\/p>\n<p><b>CATEGOR\u00cdA 2017:<\/b><\/p>\n<p><b>ENTRENADOR: <\/b><span style=\"font-weight: 400;\">Germ\u00e1n Villasalte<\/span><\/p>\n<p><b>AYUDANTE DE CAMPO: <\/b><span style=\"font-weight: 400;\">Mat\u00edas Antonio<\/span><\/p>\n<p>&nbsp;<\/p>\n<p><b>CATEGOR\u00cdA 2018:<\/b><\/p>\n<p><b>ENTRENADOR: <\/b><span style=\"font-weight: 400;\">Juan S\u00e1nchez<\/span><\/p>\n<p><b>AYUDANTE DE CAMPO: <\/b><span style=\"font-weight: 400;\">Harry Talone<\/span><\/p>\n<p>&nbsp;<\/p>\n<p>&nbsp;<\/p>\n<p>&nbsp;<\/p>\n<p>&nbsp;<\/p>\n<p>&nbsp;<\/p>\n<p>&nbsp;<\/p>\n<p>&nbsp;<\/p>\n<p>&nbsp;<\/p>\n<p>&nbsp;<\/p>\n","protected":false},"excerpt":{"rendered":"<p>El f\u00fatbol infantil es el primer paso de los chicos en esta disciplina, en ella se divierten, juegan y se forman como personas, en nuestra instituci\u00f3n se les inculcan valores como la diversi\u00f3n y el compa\u00f1erismo por sobre la competencia.\u00a0Actualmente los chicos representan al club en tres cert\u00e1menes: AFA (Categor\u00edas 2011,2012,2013 y 2014); LISFI y [&#8230;]\n","protected":false},"author":1,"featured_media":0,"parent":16,"menu_order":0,"comment_status":"closed","ping_status":"closed","template":"","meta":{"footnotes":""},"class_list":["post-28","page","type-page","status-publish","hentry"],"_links":{"self":[{"href":"https:\/\/villasancarlos.club\/vsc\/wp-json\/wp\/v2\/pages\/28","targetHints":{"allow":["GET"]}}],"collection":[{"href":"https:\/\/villasancarlos.club\/vsc\/wp-json\/wp\/v2\/pages"}],"about":[{"href":"https:\/\/villasancarlos.club\/vsc\/wp-json\/wp\/v2\/types\/page"}],"author":[{"embeddable":true,"href":"https:\/\/villasancarlos.club\/vsc\/wp-json\/wp\/v2\/users\/1"}],"replies":[{"embeddable":true,"href":"https:\/\/villasancarlos.club\/vsc\/wp-json\/wp\/v2\/comments?post=28"}],"version-history":[{"count":14,"href":"https:\/\/villasancarlos.club\/vsc\/wp-json\/wp\/v2\/pages\/28\/revisions"}],"predecessor-version":[{"id":24954,"href":"https:\/\/villasancarlos.club\/vsc\/wp-json\/wp\/v2\/pages\/28\/revisions\/24954"}],"up":[{"embeddable":true,"href":"https:\/\/villasancarlos.club\/vsc\/wp-json\/wp\/v2\/pages\/16"}],"wp:attachment":[{"href":"https:\/\/villasancarlos.club\/vsc\/wp-json\/wp\/v2\/media?parent=28"}],"curies":[{"name":"wp","href":"https:\/\/api.w.org\/{rel}","templated":true}]}}