{"id":25609,"date":"2025-02-26T21:54:35","date_gmt":"2025-02-27T00:54:35","guid":{"rendered":"https:\/\/villasancarlos.club\/vsc\/?page_id=25609"},"modified":"2025-02-27T21:50:44","modified_gmt":"2025-02-28T00:50:44","slug":"preguntas-frecuentes","status":"publish","type":"page","link":"https:\/\/villasancarlos.club\/vsc\/preguntas-frecuentes\/","title":{"rendered":"Preguntas frecuentes"},"content":{"rendered":"<h2><img loading=\"lazy\" decoding=\"async\" class=\"alignnone size-full wp-image-25617\" src=\"https:\/\/villasancarlos.club\/vsc\/wp-content\/uploads\/2025\/02\/preguntas-frecuentes.png\" alt=\"\" width=\"1024\" height=\"638\" srcset=\"https:\/\/villasancarlos.club\/vsc\/wp-content\/uploads\/2025\/02\/preguntas-frecuentes.png 1024w, https:\/\/villasancarlos.club\/vsc\/wp-content\/uploads\/2025\/02\/preguntas-frecuentes-300x187.png 300w, https:\/\/villasancarlos.club\/vsc\/wp-content\/uploads\/2025\/02\/preguntas-frecuentes-600x374.png 600w, https:\/\/villasancarlos.club\/vsc\/wp-content\/uploads\/2025\/02\/preguntas-frecuentes-768x479.png 768w\" sizes=\"auto, (max-width: 1024px) 100vw, 1024px\" \/><\/h2>\n<p><strong>\u00bfC\u00f3mo realizo el tr\u00e1mite?<\/strong><\/p>\n<ul>\n<li>Para realizar el tr\u00e1mite, deb\u00e9s ingresar al siguiente link, completar el formulario y validarlo a trav\u00e9s de tu correo electr\u00f3nico: IR A\u00a0<a href=\"https:\/\/empadronamiento.ourclub.io\/villasancarlos\/#\/formulario\" target=\"_blank\" rel=\"noopener\">https:\/\/empadronamiento.ourclub.io\/villasancarlos\/#\/formulario<\/a><\/li>\n<\/ul>\n<p align=\"justify\"><strong>\u00bfEs obligatorio para todos los socios\/as?<\/strong><\/p>\n<ul>\n<li>Si, para todos los socios y socias de todas las categor\u00edas.<\/li>\n<\/ul>\n<p align=\"justify\"><strong>Si me asoci\u00e9 hace poco, \u00bftambi\u00e9n tengo que realizar el tr\u00e1mite de actualizaci\u00f3n de datos?<\/strong><\/p>\n<ul>\n<li>S\u00ed, todos los socios y socias deber\u00e1n realizar el tr\u00e1mite.<\/li>\n<\/ul>\n<p align=\"justify\"><strong>\u00bfLos vitalicios\/as tambi\u00e9n deben realizar el tr\u00e1mite?<\/strong><\/p>\n<ul>\n<li>S\u00ed. Todas las categor\u00edas de socios\/as deben realizar el tr\u00e1mite.<\/li>\n<\/ul>\n<p align=\"justify\"><strong>No me llega el mail de validaci\u00f3n del portal de socios, \u00bfqu\u00e9 hago?<\/strong><\/p>\n<ul>\n<li>Revis\u00e1 tu casilla de spam o cont\u00e1ctate a\u00a0<strong>sociosvsc@gmail.com<\/strong><\/li>\n<\/ul>\n<p align=\"justify\"><strong>Una vez actualizados mis datos \u00bfcu\u00e1l es el link al que debo ingresar para la autogesti\u00f3n con mis claves personales?<\/strong><\/p>\n<ul>\n<li>Deb\u00e9s ingresar al\u00a0<a href=\"https:\/\/portal.ourclub.io\/villasancarlos\/Account\/Login\" target=\"_blank\" rel=\"noopener\">https:\/\/portal.ourclub.io\/villasancarlos\/Account\/Login<\/a><\/li>\n<\/ul>\n<p align=\"justify\"><strong>Si me atras\u00e9 en la cuota social, \u00bflo puedo hacer igual, o tengo que estar al d\u00eda?<\/strong><\/p>\n<ul>\n<li>S\u00ed, pod\u00e9s realizar el tr\u00e1mite igual.<\/li>\n<\/ul>\n<p align=\"justify\"><strong>Un familiar es vitalicio y no tiene direcci\u00f3n de mail o no sabe c\u00f3mo hacerlo. \u00bfle puedo hacer el tr\u00e1mite con sus datos, pero con mi mail?<\/strong><\/p>\n<ul>\n<li>S\u00ed, se puede.<\/li>\n<\/ul>\n<p align=\"justify\"><strong>\u00bfMi hijo\/a menor de edad tambi\u00e9n debe actualizarse?<\/strong><\/p>\n<ul>\n<li>S\u00ed. Todos los socios y socias deben actualizarse. En este caso, lo puede hacer el titular del grupo familiar con un email propio o con el del menor.<\/li>\n<\/ul>\n<p align=\"justify\"><strong>Comet\u00ed un error en la carga de alg\u00fan dato o en las fotos. \u00bfc\u00f3mo lo soluciono?<\/strong><\/p>\n<ul>\n<li>No te preocupes, una vez finalizado el tr\u00e1mite podr\u00e1s ingresar a la secci\u00f3n de autogesti\u00f3n para corregir los datos ingresados en el tr\u00e1mite y actualizar tus fotos.<\/li>\n<\/ul>\n<p align=\"justify\"><strong>\u00bfQu\u00e9 pasa si me equivoqu\u00e9 y quiero corregir un dato voluntariamente?<\/strong><\/p>\n<ul>\n<li>Una vez que recibimos la validaci\u00f3n por haber completado los dos pasos y teniendo la posibilidad de ingresar a tu perfil de autogesti\u00f3n, podr\u00e1s realizar los cambios de los campos autorizados a excepci\u00f3n del nombre y apellido, fecha de nacimiento, n\u00famero de socio, documento, g\u00e9nero y categor\u00eda. Estos datos solo se pueden modificar desde la instituci\u00f3n.<\/li>\n<\/ul>\n<p align=\"justify\"><strong>\u00bfQu\u00e9 pasa si no me aceptan el tr\u00e1mite en socios?<\/strong><\/p>\n<ul>\n<li>En ese caso, deb\u00e9s ingresar nuevamente a actualizarte y completar el formulario con las correcciones que sean necesarias.<\/li>\n<\/ul>\n<p align=\"justify\"><strong>\u00bfSe podr\u00e1 continuar abonando la cuota en la Oficina de Socios del club?<\/strong><\/p>\n<ul>\n<li>S\u00ed, en los horarios normales de la Oficina de socios.<\/li>\n<\/ul>\n<p align=\"justify\"><strong>\u00bfLos socios que no tienen acceso a herramientas digitales, c\u00f3mo podr\u00e1n actualizarse?<\/strong><\/p>\n<ul>\n<li>Pueden acercarse al club con su DNI y los ayudaremos a actualizar sus datos de manera online.<\/li>\n<li><\/li>\n<\/ul>\n<h3><strong>Contactos de la oficina de atenci\u00f3n al socio<\/strong><\/h3>\n<p>Los socios de Villa San Carlos pueden transmitir sus inquietudes al siguiente n\u00famero de contacto.<\/p>\n<p><strong>WhatsApp:<\/strong> +54221 6717618<br \/>\n<strong>Mail: <\/strong>sociosvsc@gmail.com<\/p>\n","protected":false},"excerpt":{"rendered":"<p>\u00bfC\u00f3mo realizo el tr\u00e1mite? Para realizar el tr\u00e1mite, deb\u00e9s ingresar al siguiente link, completar el formulario y validarlo a trav\u00e9s de tu correo electr\u00f3nico: IR A\u00a0https:\/\/empadronamiento.ourclub.io\/villasancarlos\/#\/formulario \u00bfEs obligatorio para todos los socios\/as? Si, para todos los socios y socias de todas las categor\u00edas. Si me asoci\u00e9 hace poco, \u00bftambi\u00e9n tengo que realizar el tr\u00e1mite de [&#8230;]\n","protected":false},"author":1,"featured_media":0,"parent":0,"menu_order":0,"comment_status":"closed","ping_status":"closed","template":"","meta":{"footnotes":""},"class_list":["post-25609","page","type-page","status-publish","hentry"],"_links":{"self":[{"href":"https:\/\/villasancarlos.club\/vsc\/wp-json\/wp\/v2\/pages\/25609","targetHints":{"allow":["GET"]}}],"collection":[{"href":"https:\/\/villasancarlos.club\/vsc\/wp-json\/wp\/v2\/pages"}],"about":[{"href":"https:\/\/villasancarlos.club\/vsc\/wp-json\/wp\/v2\/types\/page"}],"author":[{"embeddable":true,"href":"https:\/\/villasancarlos.club\/vsc\/wp-json\/wp\/v2\/users\/1"}],"replies":[{"embeddable":true,"href":"https:\/\/villasancarlos.club\/vsc\/wp-json\/wp\/v2\/comments?post=25609"}],"version-history":[{"count":6,"href":"https:\/\/villasancarlos.club\/vsc\/wp-json\/wp\/v2\/pages\/25609\/revisions"}],"predecessor-version":[{"id":25655,"href":"https:\/\/villasancarlos.club\/vsc\/wp-json\/wp\/v2\/pages\/25609\/revisions\/25655"}],"wp:attachment":[{"href":"https:\/\/villasancarlos.club\/vsc\/wp-json\/wp\/v2\/media?parent=25609"}],"curies":[{"name":"wp","href":"https:\/\/api.w.org\/{rel}","templated":true}]}}