{"id":25174,"date":"2024-12-24T21:38:31","date_gmt":"2024-12-25T00:38:31","guid":{"rendered":"https:\/\/villasancarlos.club\/vsc\/?page_id=25174"},"modified":"2024-12-26T16:17:23","modified_gmt":"2024-12-26T19:17:23","slug":"titulos","status":"publish","type":"page","link":"https:\/\/villasancarlos.club\/vsc\/titulos\/","title":{"rendered":"T\u00edtulos"},"content":{"rendered":"<h1 style=\"text-align: center;\"><span style=\"color: #00aae7; font-size: 140%;\"><span style=\"vertical-align: inherit;\"><span style=\"vertical-align: inherit;\">T\u00cdTULOS OFICIALES DEL CLUB<\/span><\/span><\/span><\/h1>\n<h2><span style=\"vertical-align: inherit;\"><span style=\"vertical-align: inherit;\">La Primera Divisi\u00f3n del B\u00e1squet villera cuenta con un t\u00edtulo en su haber de la m\u00e1xima divisi\u00f3n del b\u00e1squetbol platense. El mismo correspondi\u00f3 al a\u00f1o 1995, siendo el \u00fanico campeonato logrado en Primera Divisi\u00f3n por un equipo de la Ciudad.<\/span><\/span><\/h2>\n<p><img loading=\"lazy\" decoding=\"async\" class=\"aligncenter wp-image-25178 size-full\" src=\"https:\/\/villasancarlos.club\/vsc\/wp-content\/uploads\/2024\/12\/campeon-basquet-1995.jpg\" alt=\"\" width=\"1024\" height=\"967\" srcset=\"https:\/\/villasancarlos.club\/vsc\/wp-content\/uploads\/2024\/12\/campeon-basquet-1995.jpg 1024w, https:\/\/villasancarlos.club\/vsc\/wp-content\/uploads\/2024\/12\/campeon-basquet-1995-300x283.jpg 300w, https:\/\/villasancarlos.club\/vsc\/wp-content\/uploads\/2024\/12\/campeon-basquet-1995-600x567.jpg 600w, https:\/\/villasancarlos.club\/vsc\/wp-content\/uploads\/2024\/12\/campeon-basquet-1995-762x720.jpg 762w, https:\/\/villasancarlos.club\/vsc\/wp-content\/uploads\/2024\/12\/campeon-basquet-1995-953x900.jpg 953w, https:\/\/villasancarlos.club\/vsc\/wp-content\/uploads\/2024\/12\/campeon-basquet-1995-768x725.jpg 768w\" sizes=\"auto, (max-width: 1024px) 100vw, 1024px\" \/><\/p>\n<p><span style=\"vertical-align: inherit;\"><span style=\"vertical-align: inherit;\">Aquel equipo que logr\u00f3 consagrarse campe\u00f3n contaba con <\/span><\/span><strong><span style=\"vertical-align: inherit;\"><span style=\"vertical-align: inherit;\">Omar &#8220;negro&#8221; Souto<\/span><\/span><\/strong><span style=\"vertical-align: inherit;\"><span style=\"vertical-align: inherit;\"> como entrenador y venci\u00f3 al siempre duro Atenas por 76-72 en el tercer juego definitivo, logrando escribir su historia en las p\u00e1ginas de la Asociaci\u00f3n Platense de B\u00e1squet.<\/span><\/span><\/p>\n<p><span style=\"vertical-align: inherit;\"><span style=\"vertical-align: inherit;\">Los de Berisso hab\u00edan sido los mejores del torneo en la etapa regular, ganando la zona campeonato.<\/span><\/span><\/p>\n<p><img loading=\"lazy\" decoding=\"async\" class=\"aligncenter wp-image-25179 size-full\" src=\"https:\/\/villasancarlos.club\/vsc\/wp-content\/uploads\/2024\/12\/vsc-campeon-1995.jpg\" alt=\"\" width=\"1024\" height=\"768\" srcset=\"https:\/\/villasancarlos.club\/vsc\/wp-content\/uploads\/2024\/12\/vsc-campeon-1995.jpg 1024w, https:\/\/villasancarlos.club\/vsc\/wp-content\/uploads\/2024\/12\/vsc-campeon-1995-300x225.jpg 300w, https:\/\/villasancarlos.club\/vsc\/wp-content\/uploads\/2024\/12\/vsc-campeon-1995-600x450.jpg 600w, https:\/\/villasancarlos.club\/vsc\/wp-content\/uploads\/2024\/12\/vsc-campeon-1995-960x720.jpg 960w, https:\/\/villasancarlos.club\/vsc\/wp-content\/uploads\/2024\/12\/vsc-campeon-1995-768x576.jpg 768w\" sizes=\"auto, (max-width: 1024px) 100vw, 1024px\" \/><\/p>\n<p>&nbsp;<\/p>\n<p>&nbsp;<\/p>\n","protected":false},"excerpt":{"rendered":"<p>T\u00cdTULOS OFICIALES DEL CLUB La Primera Divisi\u00f3n del B\u00e1squet villera cuenta con un t\u00edtulo en su haber de la m\u00e1xima divisi\u00f3n del b\u00e1squetbol platense. El mismo correspondi\u00f3 al a\u00f1o 1995, siendo el \u00fanico campeonato logrado en Primera Divisi\u00f3n por un equipo de la Ciudad. Aquel equipo que logr\u00f3 consagrarse campe\u00f3n contaba con Omar &#8220;negro&#8221; Souto [&#8230;]\n","protected":false},"author":1,"featured_media":0,"parent":0,"menu_order":0,"comment_status":"closed","ping_status":"closed","template":"","meta":{"footnotes":""},"class_list":["post-25174","page","type-page","status-publish","hentry"],"_links":{"self":[{"href":"https:\/\/villasancarlos.club\/vsc\/wp-json\/wp\/v2\/pages\/25174","targetHints":{"allow":["GET"]}}],"collection":[{"href":"https:\/\/villasancarlos.club\/vsc\/wp-json\/wp\/v2\/pages"}],"about":[{"href":"https:\/\/villasancarlos.club\/vsc\/wp-json\/wp\/v2\/types\/page"}],"author":[{"embeddable":true,"href":"https:\/\/villasancarlos.club\/vsc\/wp-json\/wp\/v2\/users\/1"}],"replies":[{"embeddable":true,"href":"https:\/\/villasancarlos.club\/vsc\/wp-json\/wp\/v2\/comments?post=25174"}],"version-history":[{"count":6,"href":"https:\/\/villasancarlos.club\/vsc\/wp-json\/wp\/v2\/pages\/25174\/revisions"}],"predecessor-version":[{"id":25187,"href":"https:\/\/villasancarlos.club\/vsc\/wp-json\/wp\/v2\/pages\/25174\/revisions\/25187"}],"wp:attachment":[{"href":"https:\/\/villasancarlos.club\/vsc\/wp-json\/wp\/v2\/media?parent=25174"}],"curies":[{"name":"wp","href":"https:\/\/api.w.org\/{rel}","templated":true}]}}