{"id":15824,"date":"2024-11-25T04:16:58","date_gmt":"2024-11-25T07:16:58","guid":{"rendered":"http:\/\/villasancarlos.club\/vsc\/?page_id=15824"},"modified":"2024-12-19T09:29:18","modified_gmt":"2024-12-19T12:29:18","slug":"predio-pasion-villera","status":"publish","type":"page","link":"https:\/\/villasancarlos.club\/vsc\/el-club\/predio-pasion-villera\/","title":{"rendered":"Predio"},"content":{"rendered":"<h1 style=\"text-align: left;\"><span style=\"color: #00aae7; font-size: 170%;\"><strong>PREDIO PASI\u00d3N VILLERA<\/strong><\/span><\/h1>\n<h2>El Predio lleva su nombre en homenaje a un grupo de hinchas de la Filial &#8220;Pasi\u00f3n Villera&#8221;, quienes fueron los encargados de la construcci\u00f3n del mismo. Hoy en d\u00eda el Club cuenta por primera vez en su historia con un propio predio donde hacen las veces de local nuestro f\u00fatbol juvenil y Tercera Divisi\u00f3n.<\/h2>\n<p><img loading=\"lazy\" decoding=\"async\" class=\"alignnone size-medium wp-image-24990\" src=\"https:\/\/villasancarlos.club\/vsc\/wp-content\/uploads\/2024\/12\/WhatsApp-Image-2024-10-07-at-7.17.04-PM-1280x720.jpeg\" alt=\"\" width=\"1280\" height=\"720\" srcset=\"https:\/\/villasancarlos.club\/vsc\/wp-content\/uploads\/2024\/12\/WhatsApp-Image-2024-10-07-at-7.17.04-PM-1280x720.jpeg 1280w, https:\/\/villasancarlos.club\/vsc\/wp-content\/uploads\/2024\/12\/WhatsApp-Image-2024-10-07-at-7.17.04-PM-scaled-300x169.jpeg 300w, https:\/\/villasancarlos.club\/vsc\/wp-content\/uploads\/2024\/12\/WhatsApp-Image-2024-10-07-at-7.17.04-PM-scaled-600x338.jpeg 600w, https:\/\/villasancarlos.club\/vsc\/wp-content\/uploads\/2024\/12\/WhatsApp-Image-2024-10-07-at-7.17.04-PM-1600x900.jpeg 1600w, https:\/\/villasancarlos.club\/vsc\/wp-content\/uploads\/2024\/12\/WhatsApp-Image-2024-10-07-at-7.17.04-PM-768x432.jpeg 768w, https:\/\/villasancarlos.club\/vsc\/wp-content\/uploads\/2024\/12\/WhatsApp-Image-2024-10-07-at-7.17.04-PM-1536x864.jpeg 1536w, https:\/\/villasancarlos.club\/vsc\/wp-content\/uploads\/2024\/12\/WhatsApp-Image-2024-10-07-at-7.17.04-PM-2048x1152.jpeg 2048w\" sizes=\"auto, (max-width: 1280px) 100vw, 1280px\" \/><\/p>\n<p>&nbsp;<\/p>\n<p><strong>C\u00d3MO LLEGAR:<\/strong><\/p>\n<p>Calle 174 y 24, Berisso (Pcia de Bs.As)<\/p>\n<p><iframe loading=\"lazy\" style=\"border: 0;\" src=\"https:\/\/www.google.com\/maps\/embed?pb=!1m18!1m12!1m3!1d3273.406949009035!2d-57.86769822500029!3d-34.87112607285971!2m3!1f0!2f0!3f0!3m2!1i1024!2i768!4f13.1!3m3!1m2!1s0x95a2e5b73ad005a3%3A0xe1da3297bcfef25a!2sPredio%20Pasi%C3%B3n%20Villera!5e0!3m2!1ses!2sar!4v1733843262736!5m2!1ses!2sar\" width=\"600\" height=\"450\" allowfullscreen=\"allowfullscreen\"><\/iframe><\/p>\n<p><strong><span class=\"subtitle\">Desde Buenos Aires<\/span><\/strong><\/p>\n<p><strong>Tren L\u00ednea General Roca<\/strong><br \/>\nDesde Constituci\u00f3n hasta Estaci\u00f3n La Plata.<br \/>\nEn La plata tomar un colectivo hasta Berisso (L\u00edneas 202).<\/p>\n<p><strong>Omnibus<\/strong><br \/>\nDesde Once, Retiro y Constituci\u00f3n hasta Terminal La Plata.<br \/>\nEn La Plata tomar un colectivo hasta Berisso (L\u00edneas 202).<\/p>\n<p>Los colectivos que llegan hasta la ciudad de Berisso son:<\/p>\n<p><strong>L\u00cdNEA 202:<\/strong><\/p>\n<p><img loading=\"lazy\" decoding=\"async\" class=\"aligncenter wp-image-24727 size-full\" src=\"https:\/\/villasancarlos.club\/vsc\/wp-content\/uploads\/2024\/11\/bbx_597803400_1_colectivo-202-1.jpg\" alt=\"\" width=\"800\" height=\"447\" srcset=\"https:\/\/villasancarlos.club\/vsc\/wp-content\/uploads\/2024\/11\/bbx_597803400_1_colectivo-202-1.jpg 800w, https:\/\/villasancarlos.club\/vsc\/wp-content\/uploads\/2024\/11\/bbx_597803400_1_colectivo-202-1-300x168.jpg 300w, https:\/\/villasancarlos.club\/vsc\/wp-content\/uploads\/2024\/11\/bbx_597803400_1_colectivo-202-1-600x335.jpg 600w, https:\/\/villasancarlos.club\/vsc\/wp-content\/uploads\/2024\/11\/bbx_597803400_1_colectivo-202-1-768x429.jpg 768w\" sizes=\"auto, (max-width: 800px) 100vw, 800px\" \/><\/p>\n<p><strong>Ramales:<\/strong> Ax60 Los Talas, Bx1 Los Talas, Ex60 Los Talas, Fx1 Los Talas, Gx34 Los Talas (Bajarse en Av. Montevideo y 24).<\/p>\n<p><strong>Ramales:<\/strong>\u00a0Cx60, Dx1 y H (Bajarse en Montevideo y 30).<\/p>\n<p><strong>En autom\u00f3vil<\/strong><\/p>\n<p>Autopista La Plata \u2013 Buenos Aires. Pasar dos\u00a0peajes (Dock Sud y Hudson).\u00a0Distancia aproximada 60 km.<\/p>\n<p>&nbsp;<\/p>\n","protected":false},"excerpt":{"rendered":"<p>PREDIO PASI\u00d3N VILLERA El Predio lleva su nombre en homenaje a un grupo de hinchas de la Filial &#8220;Pasi\u00f3n Villera&#8221;, quienes fueron los encargados de la construcci\u00f3n del mismo. Hoy en d\u00eda el Club cuenta por primera vez en su historia con un propio predio donde hacen las veces de local nuestro f\u00fatbol juvenil y [&#8230;]\n","protected":false},"author":1,"featured_media":0,"parent":4,"menu_order":0,"comment_status":"closed","ping_status":"closed","template":"","meta":{"footnotes":""},"class_list":["post-15824","page","type-page","status-publish","hentry"],"_links":{"self":[{"href":"https:\/\/villasancarlos.club\/vsc\/wp-json\/wp\/v2\/pages\/15824","targetHints":{"allow":["GET"]}}],"collection":[{"href":"https:\/\/villasancarlos.club\/vsc\/wp-json\/wp\/v2\/pages"}],"about":[{"href":"https:\/\/villasancarlos.club\/vsc\/wp-json\/wp\/v2\/types\/page"}],"author":[{"embeddable":true,"href":"https:\/\/villasancarlos.club\/vsc\/wp-json\/wp\/v2\/users\/1"}],"replies":[{"embeddable":true,"href":"https:\/\/villasancarlos.club\/vsc\/wp-json\/wp\/v2\/comments?post=15824"}],"version-history":[{"count":9,"href":"https:\/\/villasancarlos.club\/vsc\/wp-json\/wp\/v2\/pages\/15824\/revisions"}],"predecessor-version":[{"id":25063,"href":"https:\/\/villasancarlos.club\/vsc\/wp-json\/wp\/v2\/pages\/15824\/revisions\/25063"}],"up":[{"embeddable":true,"href":"https:\/\/villasancarlos.club\/vsc\/wp-json\/wp\/v2\/pages\/4"}],"wp:attachment":[{"href":"https:\/\/villasancarlos.club\/vsc\/wp-json\/wp\/v2\/media?parent=15824"}],"curies":[{"name":"wp","href":"https:\/\/api.w.org\/{rel}","templated":true}]}}

<h1 style="text-align: left;"><span style="color: #00aae7; font-size: 170%;"><strong>PREDIO PASIÓN VILLERA</strong></span></h1>
<h2>El Predio lleva su nombre en homenaje a un grupo de hinchas de la Filial &#8220;Pasión Villera&#8221;, quienes fueron los encargados de la construcción del mismo. Hoy en día el Club cuenta por primera vez en su historia con un propio predio donde hacen las veces de local nuestro fútbol juvenil y Tercera División.</h2>
<p><img loading="lazy" decoding="async" class="alignnone size-medium wp-image-24990" src="https://villasancarlos.club/vsc/wp-content/uploads/2024/12/WhatsApp-Image-2024-10-07-at-7.17.04-PM-1280x720.jpeg" alt="" width="1280" height="720" srcset="https://villasancarlos.club/vsc/wp-content/uploads/2024/12/WhatsApp-Image-2024-10-07-at-7.17.04-PM-1280x720.jpeg 1280w, https://villasancarlos.club/vsc/wp-content/uploads/2024/12/WhatsApp-Image-2024-10-07-at-7.17.04-PM-scaled-300x169.jpeg 300w, https://villasancarlos.club/vsc/wp-content/uploads/2024/12/WhatsApp-Image-2024-10-07-at-7.17.04-PM-scaled-600x338.jpeg 600w, https://villasancarlos.club/vsc/wp-content/uploads/2024/12/WhatsApp-Image-2024-10-07-at-7.17.04-PM-1600x900.jpeg 1600w, https://villasancarlos.club/vsc/wp-content/uploads/2024/12/WhatsApp-Image-2024-10-07-at-7.17.04-PM-768x432.jpeg 768w, https://villasancarlos.club/vsc/wp-content/uploads/2024/12/WhatsApp-Image-2024-10-07-at-7.17.04-PM-1536x864.jpeg 1536w, https://villasancarlos.club/vsc/wp-content/uploads/2024/12/WhatsApp-Image-2024-10-07-at-7.17.04-PM-2048x1152.jpeg 2048w" sizes="auto, (max-width: 1280px) 100vw, 1280px" /></p>
<p>&nbsp;</p>
<p><strong>CÓMO LLEGAR:</strong></p>
<p>Calle 174 y 24, Berisso (Pcia de Bs.As)</p>
<p><iframe loading="lazy" style="border: 0;" src="https://www.google.com/maps/embed?pb=!1m18!1m12!1m3!1d3273.406949009035!2d-57.86769822500029!3d-34.87112607285971!2m3!1f0!2f0!3f0!3m2!1i1024!2i768!4f13.1!3m3!1m2!1s0x95a2e5b73ad005a3%3A0xe1da3297bcfef25a!2sPredio%20Pasi%C3%B3n%20Villera!5e0!3m2!1ses!2sar!4v1733843262736!5m2!1ses!2sar" width="600" height="450" allowfullscreen="allowfullscreen"></iframe></p>
<p><strong><span class="subtitle">Desde Buenos Aires</span></strong></p>
<p><strong>Tren Línea General Roca</strong><br />
Desde Constitución hasta Estación La Plata.<br />
En La plata tomar un colectivo hasta Berisso (Líneas 202).</p>
<p><strong>Omnibus</strong><br />
Desde Once, Retiro y Constitución hasta Terminal La Plata.<br />
En La Plata tomar un colectivo hasta Berisso (Líneas 202).</p>
<p>Los colectivos que llegan hasta la ciudad de Berisso son:</p>
<p><strong>LÍNEA 202:</strong></p>
<p><img loading="lazy" decoding="async" class="aligncenter wp-image-24727 size-full" src="https://villasancarlos.club/vsc/wp-content/uploads/2024/11/bbx_597803400_1_colectivo-202-1.jpg" alt="" width="800" height="447" srcset="https://villasancarlos.club/vsc/wp-content/uploads/2024/11/bbx_597803400_1_colectivo-202-1.jpg 800w, https://villasancarlos.club/vsc/wp-content/uploads/2024/11/bbx_597803400_1_colectivo-202-1-300x168.jpg 300w, https://villasancarlos.club/vsc/wp-content/uploads/2024/11/bbx_597803400_1_colectivo-202-1-600x335.jpg 600w, https://villasancarlos.club/vsc/wp-content/uploads/2024/11/bbx_597803400_1_colectivo-202-1-768x429.jpg 768w" sizes="auto, (max-width: 800px) 100vw, 800px" /></p>
<p><strong>Ramales:</strong> Ax60 Los Talas, Bx1 Los Talas, Ex60 Los Talas, Fx1 Los Talas, Gx34 Los Talas (Bajarse en Av. Montevideo y 24).</p>
<p><strong>Ramales:</strong> Cx60, Dx1 y H (Bajarse en Montevideo y 30).</p>
<p><strong>En automóvil</strong></p>
<p>Autopista La Plata – Buenos Aires. Pasar dos peajes (Dock Sud y Hudson). Distancia aproximada 60 km.</p>
<p>&nbsp;</p>

<p>PREDIO PASIÓN VILLERA El Predio lleva su nombre en homenaje a un grupo de hinchas de la Filial &#8220;Pasión Villera&#8221;, quienes fueron los encargados de la construcción del mismo. Hoy en día el Club cuenta por primera vez en su historia con un propio predio donde hacen las veces de local nuestro fútbol juvenil y [&#8230;]
